de 4818632?
False
Does 421 divide 6525500?
True
Does 552 divide 239488140?
False
Does 3521 divide 815299634?
False
Is 1591338767 a multiple of 1203?
False
Is 21876818 a multiple of 1420?
False
Is 100 a factor of 1141100?
True
Is 8 a factor of 178068136?
True
Is 43834286 a multiple of 86?
True
Is 187228849 a multiple of 155?
False
Does 38 divide 166496304?
False
Is 467715958 a multiple of 88?
False
Is 3000637 a multiple of 2?
False
Does 189 divide 27466904?
False
Does 13 divide 186247071?
False
Is 145484111 a multiple of 37?
True
Is 659 a factor of 139779781?
False
Is 20 a factor of 12456120?
True
Is 626197766 a multiple of 108?
False
Is 18 a factor of 261081000?
True
Is 1433 a factor of 3834852510?
False
Does 64 divide 6024042?
False
Does 82 divide 250466212?
True
Is 350737455 a multiple of 29?
True
Does 10 divide 53030360?
True
Is 3564168 a multiple of 1531?
True
Is 25867398 a multiple of 264?
False
Does 417 divide 147172227?
True
Is 4330865850 a multiple of 67?
False
Is 130 a factor of 98707466?
False
Is 322831958 a multiple of 178?
False
Does 13 divide 291060955?
False
Is 8 a factor of 138779662?
False
Does 38 divide 74867601?
False
Is 2695 a factor of 3575586146?
False
Does 16 divide 390779984?
True
Does 21 divide 1589469?
True
Does 534 divide 129225280?
False
Does 122 divide 3810417122?
False
Is 228049206 a multiple of 48?
False
Is 43821570 a multiple of 30?
True
Does 27 divide 6630900?
False
Is 964905752 a multiple of 227?
False
Does 26 divide 54768442?
False
Is 35 a factor of 295509959?
False
Is 227529650 a multiple of 862?
False
Is 29 a factor of 52826103?
False
Is 227927544 a multiple of 13?
True
Is 846 a factor of 3363382980?
True
Is 10594911 a multiple of 57?
False
Is 994 a factor of 22031016?
True
Is 257 a factor of 308997782?
True
Is 417780 a multiple of 10?
True
Does 5 divide 1042843789?
False
Does 54 divide 1103728234?
False
Does 509 divide 1496323422?
False
Is 6 a factor of 11592335?
False
Is 6 a factor of 4676241?
False
Is 133 a factor of 2201311?
False
Does 1031 divide 294271113?
True
Is 25 a factor of 1310569096?
False
Is 15 a factor of 18108783?
False
Does 11 divide 88705529?
True
Is 116814420 a multiple of 108?
True
Is 152 a factor of 1834634929?
False
Is 43 a factor of 136936252?
True
Is 398935600 a multiple of 112?
True
Is 148 a factor of 133473963?
False
Does 147 divide 17597517?
True
Is 974505100 a multiple of 100?
True
Is 16 a factor of 5451312?
True
Is 4091 a factor of 165935051?
True
Is 21 a factor of 696316782?
True
Is 3266 a factor of 344971250?
True
Is 3334 a factor of 565636438?
True
Is 5981 a factor of 241997905?
False
Is 371694720 a multiple of 886?
True
Does 2803 divide 154359596?
False
Is 10403428 a multiple of 61?
True
Does 662 divide 78282824?
True
Is 2329 a factor of 1421679825?
True
Is 68507296 a multiple of 44?
True
Does 877 divide 6467875?
True
Does 2509 divide 99830478?
False
Is 296279974 a multiple of 430?
False
Is 663352 a multiple of 9?
False
Is 2008 a factor of 11311107?
False
Is 38332920 a multiple of 70?
False
Does 3 divide 12110395?
False
Does 20 divide 1203316133?
False
Is 42 a factor of 16770600?
True
Is 410 a factor of 25860388?
False
Does 29 divide 4976574?
True
Does 16 divide 54156460?
False
Is 11206608 a multiple of 221?
False
Does 2329 divide 14206814?
False
Is 99 a factor of 353178441?
True
Does 154 divide 90195733?
False
Does 52 divide 4143468?
False
Is 7 a factor of 202295?
False
Is 5932 a factor of 227668548?
False
Is 1107985920 a multiple of 11392?
True
Is 9988838 a multiple of 5?
False
Is 24 a factor of 23864976?
True
Is 277977960 a multiple of 90?
True
Is 15054481 a multiple of 64?
False
Is 2255180 a multiple of 122?
False
Is 2427128191 a multiple of 196?
False
Is 252261144 a multiple of 48?
False
Is 26 a factor of 3476402748?
True
Does 1882 divide 305218111?
False
Is 11620559 a multiple of 58?
False
Does 762 divide 15938203?
False
Is 8 a factor of 205474864?
True
Is 177101488 a multiple of 4?
True
Does 287 divide 203013354?
False
Does 709 divide 146155957?
False
Is 802 a factor of 74368559?
False
Does 1160 divide 53888960?
True
Does 12 divide 176667972?
True
Does 3 divide 462376127?
False
Is 4842898 a multiple of 613?
False
Is 88743067 a multiple of 190?
False
Is 8950534 a multiple of 34?
True
Is 4 a factor of 3395030?
False
Is 2142992210 a multiple of 10?
True
Is 19122350 a multiple of 50?
True
Is 842091875 a multiple of 475?
True
Is 33 a factor of 138316799?
False
Is 99848931 a multiple of 7?
True
Is 207745104 a multiple of 42?
True
Is 25262141 a multiple of 120?
False
Does 2429 divide 611748191?
False
Does 463 divide 67570638?
False
Is 166819434 a multiple of 6?
True
Is 516 a factor of 8602413?
False
Does 6708 divide 727247415?
False
Does 8 divide 12482367?
False
Is 88 a factor of 133960640?
True
Does 6 divide 9052926?
True
Does 306 divide 21087072?
True
Is 1239 a factor of 311116617?
True
Is 1096 a factor of 109054192?
True
Is 95172565 a multiple of 501?
False
Is 925483680 a multiple of 180?
True
Does 35 divide 2917284967?
False
Does 966 divide 2330200294?
False
Does 81 divide 190576152?
True
Is 19 a factor of 127590776?
True
Is 1918213407 a multiple of 297?
True
Is 254955284 a multiple of 755?
False
Is 440 a factor of 155713519?
False
Does 1838 divide 1366886657?
False
Is 364712061 a multiple of 4?
False
Is 39 a factor of 358284771?
True
Is 24884515 a multiple of 5?
True
Does 47 divide 10709720?
False
Does 8 divide 6252152?
True
Does 1825 divide 37647170?
False
Does 10 divide 165938068?
False
Does 25 divide 360142775?
True
Is 190 a factor of 1803413690?
True
Is 2852720 a multiple of 104?
True
Is 8532 a factor of 3010592988?
True
Is 479609380 a multiple of 10?
True
Does 20 divide 64395935?
False
Does 7750 divide 630733750?
True
Does 191 divide 5334248?
True
Is 120 a factor of 29798160?
True
Is 1128856906 a multiple of 7008?
False
Is 103687155 a multiple of 4797?
True
Is 44 a factor of 994771844?
True
Does 2639 divide 12866273?
False
Is 75606020 a multiple of 29?
False
Does 12 divide 797062248?
True
Does 6 divide 2033449212?
True
Is 27 a factor of 487534146?
False
Is 142 a factor of 468754?
False
Is 552616974 a multiple of 93?
True
Is 59 a factor of 91691664?
True
Does 531 divide 226375772?
False
Is 19 a factor of 1031738988?
True
Does 731 divide 62866?
True
Is 54710980 a multiple of 460?
False
Is 180 a factor of 1869563?
False
Is 5 a factor of 36826035?
True
Is 9 a factor of 14226964?
False
Is 2808 a factor of 575640?
True
Is 51519608 a multiple of 3131?
False
Is 21 a factor of 26789763?
True
Is 477913905 a multiple of 3087?
True
Does 251 divide 56561222?
False
Is 2838 a factor of 1728127674?
False
Is 2322658277 a multiple of 3068?
False
Does 34 divide 394035245?
False
Is 439739524 a multiple of 14?
True
Is 164891265 a multiple of 55?
True
Does 262 divide 6073787?
False
Is 136136394 a multiple of 465?
False
Is 75784315 a multiple of 2?
False
Is 9143946 a multiple of 279?
True
Does 9 divide 158405362?
False
Does 160 divide 579707039?
False
Does 12191 divide 159190234?
False
Is 187 a factor of 2167575157?
True
Is 19 a factor of 110317559?
False
Is 21 a factor of 1852174168?
False
Is 4129235824 a multiple of 6712?
True
Does 20 divide 1912337535?
False
Does 6 divide 5845236?
True
Is 8332653 a multiple of 2?
False
Does 11999 divide 2290297126?
True
Does 17 divide 7360167?
True
Is 69 a factor of 2278706540?
False
Is 6107 a factor of 2747267555?
False
Does 5546 divide 1243063802?
True
Is 6 a factor of 38549064?
True
Is 703 a factor of 4050630463?
True
Is 12 a factor of 18320316?
True
Does 904 divide 222208624?
True
Does 381 divide 134095232?
False
Is 309790690 a multiple of 110?
True
Is 32983220 a multiple of 782?
False
Is 1485161395 a multiple of 17?
True
Is 992372740 a multiple of 9543?
False
Is 17 a factor of 125044127?
False
Is 1914 a factor of 90348456?
True
Does 52 divide 72344428?
True
Is 54075436 a multiple of 68?
True
Is 106 a factor of 31568950?
False
Does 2 divide 1138453?
False
Does 65 divide 115375975?
True
Is 31 a factor of 56980325?
True
Is 1404475301 a multiple of 16?
False
Is 9 a factor of 74838195?
True
Is 107481192 a multiple of 84?
True
Does 163 divide 91397871?
False
Is 58 a factor of 5471957568?
True
Is 99774360 a multiple of 1233?
True
Is 1057173142 a mul